*(12/3)/8?
1
Suppose -o + 8 = -15. What is the tens digit of o?
2
Let d(r) = 2*r - 4. Let c(l) = -l - 1. Let g(y) = -4*y - 9. Let h(z) = -5*c(z) + g(z). Let v(b) = 3*d(b) - 4*h(b). What is the tens digit of v(4)?
1
Suppose -6 = 4*w - 126. What is the tens digit of (w/9)/(4/12)?
1
What is the hundreds digit of 87/(1 + 4*(-2)/12)?
2
Let l = -3 - -14. Let b(u) = 2*u**2 + u**3 + 7*u**2 - l*u - 2 - 2. What is the units digit of b(-10)?
6
Let r(h) = -h**2 - 2*h - 3. Let s be r(-2). Let k = s - -1. What is the units digit of (12/(-9) - k)*3?
2
Let r = 27 + -41. Let o = 15 + r. What is the units digit of o?
1
Let d(q) be the first derivative of -q**4 + 2*q**3/3 - q - 1. Let r be d(-2). Let m = r - 27. What is the tens digit of m?
1
Suppose -q = -3*w + 427, 360 = 2*w + 4*q + 94. What is the units digit of w?
1
Let z(k) = k**2 + 5*k - 2. Let s be z(-6). Suppose -10 = -5*n, s*q + 43 + 31 = -5*n. Let j = -12 - q. What is the units digit of j?
9
What is the units digit of 54/(-189) - 317/(-7)?
5
Let m = -8 - -23. What is the units digit of m?
5
Suppose -3*s - 3*b - 3 = 0, -5*s - 3*b + 2*b = -7. What is the units digit of s?
2
Let f be (3 + -5)*6/(-4). Suppose -f*w - 3*l = -8*l + 19, 3 = 4*w - l. What is the units digit of w?
2
Let v be 86/8 + 4/16. Suppose -3*i + 10 = 2*o, 6*o = -4*i + o + v. What is the units digit of i?
4
Let x(f) be the second derivative of -f**4/12 + 5*f**3/6 + 5*f**2/2 + 3*f. What is the units digit of x(5)?
5
Suppose k = 3 - 4, -2*k + 24 = -2*t. Let j = 5 - t. What is the tens digit of j?
1
What is the hundreds digit of 9/(-5 + (-76)/(-15))?
1
Let b(r) = 4*r**3 - 2*r**2 + 2. Let a(m) = 11*m**3 - 5*m**2 - m + 6. Let l be (1 - (1 - 2)) + 1. Let o(x) = l*a(x) - 8*b(x). What is the units digit of o(2)?
8
Suppose 4*b = 75 + 21. What is the tens digit of b?
2
Suppose 0 = 2*o - 5*o. Let p(s) = s + 5. What is the units digit of p(o)?
5
Suppose -5*n + 30 = 5*g, 4*n + 0*n = -3*g + 22. Suppose 35 + 103 = 5*m + g*v, 3*m - 5*v = 58. What is the units digit of m?
6
Let f(u) = -u**3 - 2*u**2 + 2*u - 2. Let g be f(-3). Let s(w) = -w**3 + w + 3. Let i be s(0). Let y = g + i. What is the units digit of y?
4
Let t(c) = -2*c - 3. Let q be t(-4). Suppose 0 = 2*m + 4*n - 8, -m - 4*n + 3 = -3. Suppose -2*x = m*r + 4, 7 = q*r - 3*x - 23. What is the units digit of r?
3
Let l = -15 + 46. What is the units digit of l?
1
Let p be 2/(-3)*-1*3. Let w be -24*(p/(-1) + 1). Suppose 3*s = -0*f + f - 20, 4*f - w = -2*s. What is the units digit of f?
8
Let l(o) = 7*o**3 + 2*o**2 + o. Let v be l(-1). Let x = v - -8. Suppose x*s - 5*s = -12. What is the units digit of s?
4
Suppose 2*b + d - 315 = 0, -3*d = -3*b + 332 + 136. What is the units digit of b?
7
Suppose -4*s + 2*x + 18 = 0, 2 + 17 = 2*s - 3*x. Suppose 12 = q + 5*t, -s*q + 1 = -3*t - 10. What is the units digit of q?
7
Let a(t) = 2*t**3 - 2*t**2 - 3*t + 2. Let z(g) = 4*g**3 - 4*g**2 - 6*g + 4. Let i(p) = 5*a(p) - 2*z(p). What is the units digit of i(2)?
4
Let f(i) = i**3 - 2*i**2 + 3*i - 5. What is the units digit of f(4)?
9
Suppose x = -5*x + 804. What is the hundreds digit of x?
1
Let z = 10 - 6. Suppose 0 = q - 2*q - 5*i - z, 2*i + 10 = 0. What is the units digit of q?
1
Let v(n) = 4*n**2 - n + 4. Let h be v(4). Suppose -2*b = -0*m + 5*m - h, 5*m - 3*b - 54 = 0. What is the tens digit of m?
1
Let w(z) = z**2 - 3*z + 6. What is the tens digit of w(4)?
1
Suppose x - 6*x + 205 = -a, 4*x + 5*a - 135 = 0. Let f = -12 + 19. Suppose f*s - 3*s - x = -4*h, 4*s - 8 = 4*h. What is the units digit of s?
6
Suppose 3*q - 5*q = -12. Suppose -q*d = -d. Suppose 0 = -2*s + 2 - d. What is the units digit of s?
1
Let c(l) = l**3 - 9*l**2 + 8. Let q be c(9). Suppose p = -n + q, -3*n + 15 = -5*p + 95. Suppose -6 = -2*v, -p + 5 = -5*o + 4*v. What is the units digit of o?
4
Let v(l) = l**3 - 5*l**2 - 3*l - 5. What is the tens digit of v(7)?
7
Let m(j) = -24*j. Suppose 4*d + 4 = 0, 0*w = 5*w - 4*d + 1. What is the tens digit of m(w)?
2
Let w = 41 + -25. Let h = w + -13. What is the units digit of h?
3
Suppose 51 = -61*i + 62*i. What is the tens digit of i?
5
Suppose 3 + 5 = 2*n. Suppose -52 = -0*x - n*x. What is the tens digit of x?
1
Suppose 3*t + p = 123, 3*t - 123 = 2*p - 9. Suppose -5*g + t = -g. What is the tens digit of g?
1
Let o = 30 - 18. Suppose -w - s + 7 = -o, -4*w = -3*s - 48. What is the units digit of w?
5
Let t = -1 + 1. Let a(w) be the first derivative of w**2/2 + 6*w + 3. What is the units digit of a(t)?
6
Let c(l) = l**3 - 3*l**2 - 2*l - 2. What is the tens digit of c(7)?
8
Let k(a) = 5*a**2 + 4*a - 4*a + a. What is the units digit of k(-1)?
4
Let d(b) = b**2 - 5*b - 6. Let j be d(6). Suppose -5*i + 200 = -4*s, j*i + i - s = 41. What is the tens digit of i?
3
Suppose 42 = 4*j - j. Let z be 1/((-1)/j*-2). Suppose -z*k = -3*k - 44. What is the units digit of k?
1
Let v(t) = 2*t**2 + 5*t - 10. What is the tens digit of v(-8)?
7
Suppose -63 = 14*x - 17*x. What is the units digit of x?
1
Let x(s) = s**3 - s**2 + s + 38. Let n be x(0). Suppose 5*y + 23 = 3*p, 0 = -0*p + 4*p - 3*y - n. What is the tens digit of p?
1
Let k = 11 - 9. Suppose -k*m - m + 75 = 0. What is the units digit of m?
5
Suppose r = -4*r + 300. What is the tens digit of r?
6
Let c(v) = -v**3 + 10*v**2 + 5*v - 1. Let b be c(11). Let t = -35 - b. What is the units digit of t?
2
Let n = 5 + -2. Suppose 26 = -n*c + 5*c. Suppose 5*t = 4*r - c, 3*r - 20 - 16 = -5*t. What is the units digit of r?
7
Let q = 4 + -10. Let i(a) = a + 15. What is the units digit of i(q)?
9
Let t = 2 + -2. Suppose -7*z - 3*i = -3*z - 24, t = -i - 4. What is the units digit of z?
9
Let f(g) = 2*g - 7. Let d(h) = 0 - 2 - 2*h - 3. Let a be d(-6). What is the units digit of f(a)?
7
Suppose 0 - 3 = -x - 4*i, 5*i = 3*x - 9. Suppose x*v - 4*d - 61 = 0, d = -4*v + 87 - 12. What is the units digit of v?
9
Suppose 5*z = x - 220, 0 = -2*x - 3*z + z + 380. What is the tens digit of x?
9
Let f(i) = 2*i**2 + 10*i + 9. Let z be f(-7). Suppose 4*o = -3*y + 53 - 14, 0 = -2*o - 5*y + z. What is the units digit of o?
6
Let d = 15 - 7. What is the units digit of d?
8
Let r = 11 + -8. Suppose r*m + 0*m = 15. Suppose -m*w + 5 = -2*q, 0 = -5*w + q - 3*q + 25. What is the units digit of w?
3
Suppose 3*f + 1 = 4*f. What is the units digit of f?
1
Let r(y) = y - 2. Let j be (-3)/(6/(-236)) + -3. Let p be j/25 + (-4)/(-10). What is the units digit of r(p)?
3
Suppose 4 = -4*y, 5 - 92 = -2*h - y. Suppose -2*b = 4*n - h, 2*b = -5*n - 3*b + 45. Let i = n + -2. What is the tens digit of i?
1
Suppose -2*y = -4*y - 8. Let h(m) = -m**3 - 4*m**2 - 4*m - 2. What is the units digit of h(y)?
4
Let d(j) = -2*j + 69. What is the units digit of d(17)?
5
Let z = -37 - -73. What is the tens digit of z?
3
Let a(m) = m**3 + 8*m**2 + 3*m - 2. What is the tens digit of a(-7)?
2
Let j(l) = l**3 + 7*l**2 - 2*l - 2. Let o be j(-6). Suppose 5*a + o = 2*w, -4*w + 9*w - 49 = -4*a. What is the tens digit of w?
1
Let g(l) = l**3 - 16*l**2 - 17*l + 5. Let f be g(17). Suppose -u + 0*u - f*r = -38, -42 = -u - r. What is the tens digit of u?
4
What is the tens digit of (-220)/(-6) + (-1)/(-3)?
3
Let f(w) = -w**2 - 4*w - 1. Let b be f(-3). Let u = 3 - b. What is the units digit of u?
1
Let v(g) = -40*g - 1. What is the tens digit of v(-1)?
3
Suppose -3*i = i. Let x = i - -2. Suppose -5*k = -x*h - 35, -k = k + h - 23. What is the units digit of k?
9
Suppose 2*t + 3*m - 21 = 0, -m - 4 = 5*t - 24. Let r(p) = 6*p - 1. Let z(g) = 25*g - 4. Let n(y) = 9*r(y) - 2*z(y). What is the tens digit of n(t)?
1
What is the units digit of 30 - 1/1*-1?
1
Let u = -4 + 8. Suppose 0 = u*n - 2 - 22. What is the units digit of 5 + n/(-2) - -3?
5
Suppose -2 - 10 = -4*s. Suppose s*t = 8*t - 20. Suppose 0 = -4*f + t*l, 2*f - l = 2*l - 2. What is the units digit of f?
2
Suppose 0 = -4*f - 2*o + 42, -5*f + o = -0*o - 70. What is the units digit of f?
3
Let k(c) = -3 + 4 - 2*c + c. Let x be k(3). Let s = x - -3. What is the units digit of s?
1
Suppose -2*l + 67 = 2*u - 7*l, 5*l + 15 = 0. Suppose 0 = 4*o - u - 26. What is the tens digit of o?
1
Let o(g) be the second derivative of 5/2*g**2 + 1/12*g**4 + 0 + 4/3*g**3 - 2*g. What is the units digit of o(-9)?
4
What is the tens digit of ((-24)/16)/((-3)/52)?
2
Suppose -2 + 4 = z, -67 = -5*f - z. Let w = f + -1. What is